e third derivative of i**6/120 + 7*i**5/60 + 7*i**4/24 - i**3/3 - 31*i**2 + 14*i. Determine v(-5).
13
Let y(t) be the third derivative of t**5/20 + t**4/3 - t**3/3 - 15*t**2 + 5*t. Determine y(-4).
14
Let y(s) be the first derivative of -s**3/3 + 7*s**2/2 + 6*s - 2. Let w(z) = -z**3 - z**2 - z + 7. Suppose -5*x = -3*x. Let a be w(x). Calculate y(a).
6
Let w(g) = 72*g**2 + 13311*g - 1660. Let h be w(-185). Let j = 10 - 7. Let u(l) = 3*l - 2*l**3 - 8*l**2 + j*l**3 - 2 + 2*l**2. Calculate u(h).
-12
Suppose -6*v = 3*j - 2*v + 17, 26 = j - 5*v. Let s be -4 + (j + -3)*-2. Let t(c) = s - 261*c + 5 + 263*c. What is t(-5)?
-5
Suppose -4*v - 2 = 10. Let u be 1/(-1) + (12/(-2))/v. Let g(k) = 4*k**3 - 2*k**2 - k. Let m(z) = z**2 + z + 1. Let d(i) = g(i) + m(i). Determine d(u).
4
Suppose 709*k - 41 = 713*k + 3*g, -4*g = 5*k + 51. Let y(o) = -o**3 - 10*o**2 + 15*o + 10. Give y(k).
-34
Let h(c) = 5*c. Let d be h(2). Let a(u) = u**3 - 23*u**2 + 15*u + 23. Let b(g) = g**3 - 25*g**2 + 16*g + 25. Let i(m) = -7*a(m) + 6*b(m). Calculate i(d).
-1
Let y be (-52)/14 - -8 - 4/14. Let d(v) = -v**2 - v - 6. Let x(m) = -2*m**2 - 3*m - 12. Let l(o) = -9*d(o) + 4*x(o). What is l(y)?
10
Let v(l) = -l + 2. Let b(q) = 22*q + 759. Let u be b(-35). Determine v(u).
13
Let v(g) be the second derivative of 7*g**3/6 - g**2/2 - g - 15. Suppose -31 = -4*n + 3*p, n - 12 = 3*n + 4*p. What is v(n)?
27
Let d(b) = -5*b + 1. Suppose -3*z + 1 = -8. Suppose -l = -3*h + 18, z*h = 6*h - 12. Let m(k) = 3*k**2 + 19*k + 5. Let o be m(l). Determine d(o).
6
Let q(d) = d + 45. Let k(r) = -4*r**3 + 106*r**2 + 54*r - 41. Let y be k(27). Determine q(y).
4
Let p(b) = b**3 + 23*b**2 - 51*b - 47. Let s be ((-392)/32 - -6)/(1 - 6/8). Determine p(s).
-22
Let t(h) = h**3 + 20*h**2 + 16. Let n be t(-20). Let l(m) = -m**3 + 16*m**2 + 2*m - 27. What is l(n)?
5
Let t(a) = a**3 + 6*a**2 - 6*a - 8. Let g be (120/150)/((-2)/(-40)). Let o be 19/(-3) + g/3 + -6. Give t(o).
-15
Let x(k) = -k**3 - 23*k**2 + 20*k - 101. Let i(g) = -g**2 - 395*g + 7410. Let r be i(18). Give x(r).
-5
Suppose -s + 29 = 5*n, -3*s - 5 = -n - 4*s. Let a(m) = -2 + 2*m**2 - 8*m - 2*m**2 + 4*m**2 + 0*m - 3*m**2. Calculate a(n).
-14
Let l(i) = 3*i + 3. Let k(n) be the third derivative of -23*n**4/24 - 21*n**3/2 - n**2 + 83*n. Let s be k(-3). Determine l(s).
21
Let r(s) be the second derivative of 1/2*s**2 - 7/6*s**3 - 2*s + 0 - 1/12*s**4. Suppose 0 = -5*f, 0*q - f = -4*q - 20. What is r(q)?
11
Let d(c) = c**2 + 19*c - 48. Let h be (-4)/10 - 45209/265. Let b be 3610/h - 1/(-9). Determine d(b).
-6
Suppose 0 = -3*q - 4*m - 115, -93 - 92 = 5*q + 5*m. Let f = q + 40. Let g(i) = -i**3 + 7*i**2 - 2*i - 9. What is g(f)?
-23
Suppose 4*x + 4 = -0*c + 4*c, -c + 5*x = 3. Suppose 0 = o - k - c, 5*k + 6 = 5*o + 4*k. Let v(i) = 8*i**3 + i**2. Give v(o).
9
Let a(u) be the second derivative of 0 - 5/3*u**3 + 5/2*u**2 + 209*u. Calculate a(-4).
45
Let r be (-6 - 4)*(-52)/(-8)*-1. Let k(u) = -r*u - u**2 - 2 + 45*u + 30*u. What is k(11)?
-13
Let o(c) be the first derivative of c**3 + 13*c**2/2 - 7*c - 627. Calculate o(-4).
-11
Let k(a) = -10*a**3 - 3*a**2 - a - 4. Let w(j) = -j**2 - j - 1. Let l(s) = k(s) - 3*w(s). Let r(g) = -325*g + 1626. Let x be r(5). Determine l(x).
-9
Let a(p) = -p**3 + 2*p**2 + 9*p - 4. Let s = -5747 - -5751. What is a(s)?
0
Let f(w) = 53*w + 7. Let r(y) = -4*y - 8. Let s(x) = f(x) + r(x). Calculate s(-1).
-50
Let o be (3/(3/(-2)))/((-6)/(-51)). Let k be (-40)/(-14) - o/119. Let r(c) = -c**3 + 5*c**2 - 3*c + 2. Give r(k).
11
Suppose -15*v - 10 = -13*v. Let k(w) = 2*w + 35. Let o(z) = z + 18. Let m(a) = v*o(a) + 3*k(a). Suppose 0 = -3*l + 4*q - 17, 3 = -2*q + 1. Give m(l).
8
Let b(u) = 3*u**3 + 9*u**2 - 7*u - 2. Let d(n) = 2*n**3 + 8*n**2 - 6*n - 1. Let h = 302 - 298. Let y(r) = h*d(r) - 3*b(r). Give y(5).
-13
Let k(g) be the second derivative of 33*g + 1/3*g**3 - 6*g**2 + 0. Give k(9).
6
Let g(x) = 7*x + 6. Let o be g(-3). Let q = o + 8. Let b(u) = 4*u**3 - 7*u**2 - u - 7. Let m(t) = -t**3. Let d(p) = b(p) + 5*m(p). Calculate d(q).
0
Let l(p) = -6*p**2 - p**3 + 4 + 9*p + 5 + 0*p. Let m be (96/2 - 6) + 4. Suppose -5*g = -11 + m. Give l(g).
-5
Let f(t) = 0 + t + 2 - 13 + 2. Let p be f(7). Let w be (-4)/((p - 2) + 6). Let c(m) = -13*m + 1. Calculate c(w).
27
Suppose 0 = -5*s + v + 37, 11*v - 6*v - 18 = -4*s. Let d = -20 + 40. Let o(m) = 3*m + 4 - d + 6. Determine o(s).
11
Let a(b) be the third derivative of -b**5/30 + 3*b**4/2 - 17*b**3/3 + 5723*b**2 - 2. Calculate a(18).
-34
Let s = -33 + 33. Suppose s = -4*n + 28. Let h(t) be the second derivative of t**3/6 + 3*t**2/2 + 2*t - 55. Give h(n).
10
Let w(d) = 5*d**3 - 13*d**2 - 18*d + 31. Let q(x) = -44*x**3 + 116*x**2 + 159*x - 276. Let a(z) = 6*q(z) + 53*w(z). What is a(0)?
-13
Let m(i) = -3*i**2 - i + 30. Let x = -38116 + 38112. Give m(x).
-14
Let c(n) = 3*n**3 - 12*n**2 + 6*n + 20. Let h(i) = -i**3 + 4*i**2 - 2*i - 7. Let d(s) = -3*c(s) - 8*h(s). Let a = -360 + 364. Give d(a).
-12
Let i(t) = 2*t**3 - 11*t**2 - 10*t + 17. Let k be 510/(-408) + (-29)/(-4). What is i(k)?
-7
Suppose 4*n - 23 = -w - 2, -174 = -5*w + 3*n. Let c(o) = w - 13 + 5*o**2 - o**3 - o - 10 - 11. What is c(5)?
-6
Let w(t) = t**3 - 5*t**2 + t. Suppose 0 = -2*u - 3*i + 18, 3*u - 3*i - 23 = 4. Let k(r) = 37 - 3*r - 50 + u*r. Let x be k(3). Give w(x).
5
Suppose -3*z + 2*z = -3. Let o = 33 - 27. Let w = o - z. Let n(q) = -2*q + 4. Determine n(w).
-2
Let f be 1 + (-1)/3*-3. Let t(z) = -2*z**2 + z + 3*z**2 + 3*z**f + 1. Suppose 0 = -36*r + 188 - 224. Calculate t(r).
4
Let n(d) = -d + 10. Let f = 63 + -49. Let i be (749/f + -7)/((-3)/4). Let r = -56 - i. Give n(r).
4
Let a = 127 - 126. Let w(d) = -2*d - d**2 - 552*d**3 + 554*d**3 + 0*d + a. Give w(-2).
-15
Let u(d) = 71*d - 308 - 32*d + 230 - 31*d. What is u(10)?
2
Suppose 445 = -5*z + 515. Suppose -6*r + p = -2*r + z, -10 = 4*r + p. Let m(n) = -n**3 - 2*n**2 + n + 4. Calculate m(r).
10
Let b(n) = -17 + 363*n + 367*n - 742*n. Give b(-6).
55
Let o(n) be the second derivative of 5*n**3/2 - 32*n**2 + 8*n. Let v be o(4). Let s(h) = -h**2 - 3*h - 1. Give s(v).
-5
Suppose 0 = -2*f + f - 7. Let m = f - -12. Let w(z) = -z**3 - z**2 - 4*z + 1. Let v(p) = -2*p**3 - 9*p**2 - 8*p + 4. Let i(r) = v(r) - 3*w(r). Give i(m).
-4
Suppose -2*x + 35*x - 2 = -35. Let a(m) = -7*m**3 - m**2 + m + 2. Determine a(x).
7
Let u = 105 + -111. Let m be (5/(-20))/(u/72). Let w(p) = p**2 + 3 - 1 + 2*p**2 - 5*p. Give w(m).
14
Let m(d) = -d**2 - 12*d - 8. Suppose 2*i + 5*w = 10, -5*i + 0*w = -4*w - 91. Suppose 0 = 2*n + 5*z - 5, 2*n - 11*z + i*z = 0. Give m(n).
12
Let s(c) = -2*c**2. Let a = -97 + 191. Let v = 95 - a. Calculate s(v).
-2
Let k(u) = 38*u**2 - 134*u + 79*u + 55*u + 1. What is k(1)?
39
Let m(d) be the third derivative of -d**4/24 + d**3/2 + d**2 + 10. Let t(v) = -2*v + 24. Let u be t(11). Suppose u*z - 4*z = -12. Determine m(z).
-3
Let g be (15/12)/(4/48). Let o = -14 + g. Let p(n) = 8*n**2 - 181 - n + 181. Give p(o).
7
Let d(b) = b**2 + 8*b - 13. Let k = -94 - -90. Let w(o) = 1. Let q(r) = k*w(r) - d(r). Let s = -8 - 0. Calculate q(s).
9
Let q(w) = -33*w**2 + 61*w**2 - 3 + 2 + 26*w - 92*w**2 + 62*w**2. What is q(13)?
-1
Let d(g) be the first derivative of -6*g + 36 - 1/2*g**2. Suppose -2 + 7 = j. Give d(j).
-11
Let d(m) = -m**3 + 11*m**2 + 23*m + 18. Let g = -39178 + 39191. Give d(g).
-21
Let t(g) = -g**3 + 11*g**2 + 9*g - 22. Let b(a) = -a**3 - 36*a**2 + 243*a - 366. Let y be b(-42). Give t(y).
-58
Suppose 5*b = -2*u + 55, -4*b = -4*u + 33 + 63. Suppose q = 6*q + u. Let z(y) = 2*y**2 - 5 + 2 + 8*y + 6. Give z(q).
13
Let v(i) = 93 - 4*i + 92 - 364 + 87 + 88. Suppose -a = 4*a. Suppose -4*f - 5*s - 7 = a, 4*f - 2*s + 0*s + 14 = 0. Calculate v(f).
8
Let m(r) be the first derivative of -r**2/2 - 5*r - 2308. Determine m(-7).
2
Let t = -725062 + 725044. Let u(n) = n**3 - 2*n**3 + 17*n - 17*n**2 - 5 - 15. What is u(t)?
-2
Let m(f) = 17*f + 354. Let y(k) = -4*k - 79. Let o(s) = -2*m(s) - 9*y(s). Calculate o(6).
15
Let a(w) = 8*w - 2. Let s(v) = -v. Let o(c) = a(c) + 3*s(c). Let n(j) = 5*j - 30. Let q be n(6). Suppose -6*h + 205 - 193 = q. Give o(h).
8
Let n(j) = 2*j + 41*j**2 - 39*j**2 + 0 + 1. Let p = -23 - -19. Let l be (0 - -1)/(3 + p). What is n(l)?
1
Let l(t) = 9*t**3 - t**3 - 9*t**3 + 2*t**2. Let m(f) 